- 8*t. Let s be v(-9). Let r(n) = 2 - 6*n - 9 - n**2 - n. Give r(s).
-1
Let n(b) be the third derivative of -b**6/120 + b**5/30 + b**3/2 + b**2. Let d be 102/12 - 3/(-2). Let w = d + -7. What is n(w)?
-6
Let k(j) be the second derivative of -11*j**3/6 - 5*j**2/2 - 3*j. Let i(n) = -4*n - 2. Let u(q) = 8*i(q) - 3*k(q). Determine u(5).
4
Let x(z) = z - 3. Let o(a) = -1. Let g(p) = 4*o(p) - x(p). Suppose y - 2 - 2 = 0. Determine g(y).
-5
Let q be ((-6)/(-9))/((-2)/(-6)). Suppose z - 10 = 4*j, -3*j + q*j = z - 10. Let a be (2 - 0)*z/(-4). Let y(u) = -u**2 - 5*u + 2. Give y(a).
2
Let x(z) = z - 24. Let s(n) = -n + 3. Let j be s(3). What is x(j)?
-24
Let t(k) = -2*k - 2. Let o(r) = 2*r + 3. Let v(d) = 2*o(d) + 3*t(d). Let w be 1 + (2 - 1) + -2. Suppose -5*m + 0*i - 5*i + 30 = w, -10 = -5*i. Determine v(m).
-8
Suppose 0 = -4*w - 3 - 5. Let j(c) = 0 + 0*c - 2 + 3*c. Determine j(w).
-8
Let p(g) be the second derivative of g**5/20 - 7*g**4/12 + 7*g**3/6 - 5*g**2/2 - 4*g. Let k = 2 + 4. Determine p(k).
1
Let c(h) = -3*h + 6. Let z(t) = 7*t - 13. Let a(d) = -9*c(d) - 4*z(d). Calculate a(3).
-5
Let m(d) = 15*d - 1. Let v = 16 + -15. Determine m(v).
14
Let x(k) = k**2 + 2*k + 3. Let b(q) = q - 4. Let c be b(4). Let p be c - (1 + 3 + -2). Calculate x(p).
3
Let k(w) = w - 10. Let c(z) = 3. Let n(b) = -4. Let y(j) = -3*c(j) - 2*n(j). Let q(t) = -k(t) + 4*y(t). Give q(5).
1
Let m(h) = h**3 + 7*h**2 + 10*h - 3. Let r(x) = -x**2 - x. Let l(s) = m(s) + 6*r(s). Determine l(2).
17
Let w(q) = q**2 - 4*q + 1. Let x(p) = p**3 + 4*p**2 + p + 3. Let d be x(-4). Let z be d/(-4) - 21/(-12). Suppose 5 = z*l - l. Calculate w(l).
6
Let s be 30/24*(1 - -35). Suppose 0 = -5*b + 4*g - s, -2*g = -2*b - 0*g - 20. Let d(l) = l**2 + 4*l. Determine d(b).
5
Let t(c) = -3*c**2 - 5*c - 10. Let y(z) = 2*z**2 + 2*z + 5. Let f(b) = 3*t(b) + 5*y(b). Give f(6).
1
Let w(u) = -3*u**2 - 3 + 3*u**2 + 0*u - 5*u + u**2. Determine w(5).
-3
Let v be (-2 - -7) + 3 + -4. Let m(w) = -w**3 + 6*w**2 - 6*w + 4. Give m(v).
12
Let x(d) = d**2 + 7*d + 4. Suppose 0*l + 21 = -3*l. Give x(l).
4
Let w(d) = -d**3 + d**2 + 2*d - 2. Suppose -4*a + a - 21 = 0. Let k = a - -9. Determine w(k).
-2
Suppose f + 2*f + 16 = j, -5*j - 25 = 0. Let p(x) = -9 - x**2 - x**2 + 9*x - 3*x + 3*x**2. Calculate p(f).
-2
Suppose -4*q + 4 = -0. Let z be ((-4)/(-2))/(3 - q). Let w(g) = 8 - 16 - 5*g + 9. Determine w(z).
-4
Let i(j) = -j**2 + 3*j - 1. Let r be 6*(3 - 4/3). Let q be 4/10 + (-33)/(-5). Let n = r - q. Calculate i(n).
-1
Let f(v) = -3*v**2 - 2 + 2*v**2 + 3 + 5*v**3. Let d be f(1). Suppose 23 = -2*w + 5*u, w - d*u = -7 - 17. Let r(c) = 5*c**2 - c + 1. Give r(w).
5
Let d = 13 + -11. Let u be (3 + 0 + d)/1. Let l(k) = k**2 - 5*k + 4. Calculate l(u).
4
Let c(d) = d**2 + 8*d + 3. Suppose 6*v + 239 = 209. What is c(v)?
-12
Suppose 3*n = -2*t + 17, -13 = -3*n - 2*t + t. Suppose 18 = n*q - 0*q. Let b(i) = i - 2. What is b(q)?
4
Let w be 55/15 - 2/(-6). Let a(u) = -u**2 + u**2 + 5*u - u**2. What is a(w)?
4
Let a = -1 - 3. Let w be a/(-22) - (-159)/33. Let z(s) be the first derivative of -s**2/2 + 9*s - 9. What is z(w)?
4
Let u be 16/40 + (-34)/10. Let i be u*(-1)/1 - 2. Let o(a) be the third derivative of 2*a**5/15 - a**4/12 + a**3/6 + a**2. Determine o(i).
7
Let t(c) = -2. Let r(h) = h - 19. Let b(z) = -2*r(z) + 18*t(z). Let k(p) = -3*p + 5. Let q(w) = 7*b(w) - 4*k(w). Calculate q(-5).
4
Suppose 6*v - 7*v + 1 = -2*z, -3*z + 5*v - 19 = 0. Let n(s) = -s**2 + 2*s - 3. Calculate n(z).
-3
Let m = -24 + 30. Let j(f) = 3*f - 2. Let c(u) = 4*u - 2. Let a(p) = -4*c(p) + 5*j(p). Give a(m).
-8
Let q(l) = 4*l - 9 + 12 - 2. Calculate q(1).
5
Let m(n) = -7*n**2 - n**3 + 9 - n**2 - 11 - 10*n. Determine m(-7).
19
Let y(u) be the third derivative of u**5/60 + u**4/8 - 2*u**3/3 + 11*u**2. What is y(-5)?
6
Let o = 65 + -64. Let n(z) = -18*z - 1. Determine n(o).
-19
Let z(c) = c**2 + 2*c + 3. Let m be z(0). Let v(r) be the first derivative of 5/2*r**2 + 2 - 3*r + 2/3*r**m - 1/4*r**4. Determine v(3).
3
Let p(f) = 4*f**2 + 4*f + 2. Suppose 0 = 4*u - 33 + 5. Let a(b) = b - 2 + 9*b**2 + 6 + 8*b. Let q(w) = u*p(w) - 3*a(w). Calculate q(0).
2
Let g = 62 + -57. Let d(m) be the third derivative of -3*m**2 + 0 - 1/20*m**g - 1/120*m**6 + 1/24*m**4 - 1/2*m**3 + 0*m. Give d(-3).
-6
Let x(k) = -k + 1. Suppose -2*h + 34 = 8. Suppose h*q + 20 = 18*q. Calculate x(q).
-3
Suppose -3*s + 2 = 4*m, 2*m - 5*m + 5 = 4*s. Let n(h) = h**3 - 2*h**2 + h - 2. Give n(s).
0
Let k be (-2)/(7/3 + -3). Let h(o) = -o**k + 3*o + 0*o**3 + 3 - 2*o**2 - 2 + 0*o. Suppose -3*j + 4*g = 21, -3*j + g + 2*g - 18 = 0. Give h(j).
1
Let u(f) = -f**3 - f**2 + 8. Suppose -4*o = -2*o - 7*o. What is u(o)?
8
Let c(x) = -11*x - 2. Let k be c(-2). Suppose -a - 4*a + k = -5*n, -n + 26 = 5*a. Let s(b) = 7. Let o(j) = j. Let z(r) = n*s(r) - 3*o(r). What is z(5)?
-8
Let t(g) be the second derivative of -g**3/6 + g**2/2 + 7*g - 2. Calculate t(-3).
4
Suppose 3*l - 9 = -4*d, 4*d = -d - 3*l + 12. Suppose -3*x - 1 = -r, 1 = x + 3*r - 12. Let f = d - x. Let m(o) = -o**2 + 4*o + 1. Calculate m(f).
5
Let g(h) = -h**3 - 7*h**2 - 9*h + 3. Let r be g(-3). Let n(b) = -2*b**2 - 9*b - 5. Give n(r).
-23
Suppose 9 + 27 = -4*u. Suppose -4*w + 7 = -13. Let r = w + u. Let v(h) = h**3 + 5*h**2 + 2*h - 2. Give v(r).
6
Let q(z) = -z**2 - 1. Let w = -3 + 7. Suppose -d + w*x = 14, -4*d + 5*x - 10 = 2. Calculate q(d).
-5
Suppose 0 = -t + 5*r + 2, 5*t - r = 3*r + 10. Let j be (0 + 0)/(-3 - -1). Let w(z) = j*z - t*z - 4*z. Determine w(1).
-6
Suppose 3*p + 2 = 5*p, 5*p + 55 = 5*a. Let b = a + -8. Let n(y) = y**3 - 3*y**2 - 4*y - 4. Determine n(b).
-4
Suppose 0*l = l. Suppose l*f = f + 1. Let b(r) = -2 + 2 + 5*r**3 - r. Give b(f).
-4
Let i(f) = -3*f**2 - 8*f - 10. Let p(z) = -z**2 - 3*z - 3. Let v(q) = -3*i(q) + 8*p(q). Let k be (0 + 0)/(-3 + 1). What is v(k)?
6
Let n(d) be the third derivative of d**4/24 - d**3/3 + 2*d**2 - 6. What is n(3)?
1
Let k(l) = -l - 12. Let m(n) = -n + 2 - 1 - 12. Let u(z) = 5*k(z) - 6*m(z). Calculate u(0).
6
Let d(w) = -5*w**3 - w**2 + w. Suppose -s - 11 = -4*u, -5*u = -6*s + 2*s - 11. Determine d(s).
-5
Let s(p) be the third derivative of p**6/10 + p**5/60 - p**4/24 - p**3/6 - 8*p**2. Calculate s(-1).
-11
Let n(f) = f**2 + 3*f - 3. Let b(s) = s**2. Let o(g) = g**3 + 4*g**2 + g - 3. Let x(h) = 5*b(h) - o(h). Let z be x(2). Determine n(z).
-3
Let w(h) = h + 8. Let v = -16 - -10. What is w(v)?
2
Let k(y) = y + 4. Suppose 3 = -2*v + 5*c - 23, v + 11 = 2*c. Determine k(v).
1
Let w(f) be the second derivative of -4*f**3/3 + 2*f**2 + 10*f. Let i(c) = -7 + 2 + 23*c - 6. Let j(m) = -3*i(m) - 8*w(m). Give j(-1).
6
Let t(n) = -n. Let h be (9/(-18))/((-2)/(-24)). Let m(w) = 2*w**2 + 10*w - 15. Let g(c) = c**2 + 5*c - 7. Let x(u) = 13*g(u) - 6*m(u). Let o be x(h). Give t(o).
-5
Let j(k) = k**2 - 4*k + 3. Let a(w) = w - 1. Let p(f) = -6*a(f) - j(f). Give p(-4).
-5
Let z(b) = b + 0 + 1 + 3. What is z(0)?
4
Let v(k) = k**2 - 5*k**2 + 5*k**2. Let f(l) = -7*l**2 - 12*l + 18. Let h(c) = -6*c**2 - 12*c + 17. Let u(x) = -5*f(x) + 6*h(x). Let j be u(-13). Determine v(j).
1
Let r(a) = a + 4*a - 3*a - 1 + 2*a**2. Let n = 2 + -1. Give r(n).
3
Let h(c) = -5*c - 2. Let k(x) = 11*x + 5. Let i(y) = -9*h(y) - 4*k(y). Suppose 2*l + 0*r = r - 3, -3*r - 19 = l. What is i(l)?
-6
Let b(t) = t**3 - 2*t**2 + 2*t - 3. Let n be b(2). Let z(v) = 6*v - 3*v - n + 0*v + 4*v**2 + v - v**3. Determine z(5).
-6
Let f(v) = -v - 3. Let p(x) be the second derivative of x**2 + 1/6*x**3 + 4*x + 0. Let s(d) = 6*f(d) + 5*p(d). What is s(-6)?
-2
Let q(i) = -i**2. Let z = -56 - -53. Give q(z).
-9
Let l(b) = -4*b**2 + b + 5. Let q(k) = -5*k**2 + 5. Let a(i) = -4*l(i) + 3*q(i). Determine a(6).
7
Let b(m) = 2*m + 5. Let y(j) = -j**3 + 8*j**2 - 8*j + 7. Let z be y(7). Suppose 5*h + 0*h + 5*d + 35 = z, 3*d - 3 = 3*h. Calculate b(h).
-3
Let i be (-6 + -1)*1*-1. Let a(l) = l. Calculate a(i).
7
Let w(k) = -k**2 - 8*k - 7. Let h be w(-7). Let p = -2 + h. Let m(n) = -n**2 - n + 1. Determine m(p).
-1
Let u be (8/(-10))/(7/(-70)). Suppose 2*j + 0 = u. Let i(p) be the third derivative of p**4/24 + p**3/6 - p**2. Give i(j).
5
Suppose 0*w - 19 = v + 5*w, -4*v - 5*w - 1 = 0. Let z(s) = s**2 - 6*s + 2. Give z(v).
2
Suppose -2*d + d + 4 = 0. Suppose 3*h = d*h + 3. Let r(b) be th